(304/10)/t. List the prime factors of (2 - (-330)/k)*32/8.
173
Suppose 8773 = 4*y + 3*d, 3*y + 5*d - 8233 = -1645. Let a = 3125 - y. What are the prime factors of a?
2, 467
Let c(g) = -81*g - 22 - 18 + 69 - 23. What are the prime factors of c(-4)?
2, 3, 5, 11
What are the prime factors of (-18402)/9*-3 + 0/(2 + 5)?
2, 3067
Suppose -4*l = 2*m - 59132, -114823 = -4*m - 2*l + 3405. List the prime factors of m.
2, 7, 2111
Suppose 117 = v - 4*v. Let w = 41 + v. Suppose -l + 81 = w*a, 4*l - 36 - 340 = 5*a. What are the prime factors of l?
89
Let a be 1/((2/1)/(6 + -5 - -25)). Suppose 2*s + 0*s = 6388. Suppose 386 - s = -a*d. List the prime factors of d.
2, 3
Let c(w) = w**2 + 15*w - 59. Let d = 59 - 77. Let t be c(d). List the prime factors of (12/t)/(5481/(-910) + 6).
2, 13
What are the prime factors of (-1492)/(-10)*(41 + (-4123)/(-62))?
43, 373
Suppose 320880 = -7*z + 20*z + 47*z. List the prime factors of z.
2, 7, 191
Suppose 2277660 = 444*w - 312*w. What are the prime factors of w?
5, 7, 17, 29
Let j be (7 + (-22)/3)*0. Suppose j = -24*x + 18*x + 2706. What are the prime factors of x?
11, 41
Let r be (-302)/14*-3 - (-36)/126. Suppose -66*c + 560 = -r*c. What are the prime factors of c?
2, 5, 7
Suppose -4*k + i - 36 = 0, 0 = -i + 2*i + 4. Let f(o) = 11*o**2 + 21*o + 17. What are the prime factors of f(k)?
907
Suppose -5*y + k = -195, -3*y - k = -y - 71. Suppose -y*m + 10*m = -6188. What are the prime factors of m?
13, 17
Suppose -43 = -7*a - 8. Let y(v) = 2*v**2 - 8*v - 5. Let w be y(a). Suppose -q + 29 = -u, 2*q + w*u = 20 + 31. List the prime factors of q.
2, 7
Let y be (-2)/(-11) + (-42)/(-11). Suppose 4*g + 7 = -5*q, -g - y*q = -8*q + 28. Let u(s) = 6*s**2 + 11*s - 17. What are the prime factors of u(g)?
3, 31
What are the prime factors of (-2045)/2*(-6052)/890?
17, 409
Let p be (-2 + (-3935)/(-10))*4. Suppose y + 4*y - 380 = -j, 4*j - p = 3*y. Suppose 5*v - 5*l - j = 0, 2*l = 4*v - 0*l - 310. List the prime factors of v.
7, 11
Let o = -11 + 143. Suppose -134 = 130*t - o*t. List the prime factors of t.
67
Let y(d) = 339*d - 1104. What are the prime factors of y(6)?
2, 3, 5, 31
Suppose 13*n = 2*n + 4*n. What are the prime factors of 6 + 318 + n - 0?
2, 3
Let v = 136 + 6401. What are the prime factors of v?
3, 2179
Let w(q) = 443*q**2 + 90*q + 649. What are the prime factors of w(-7)?
2, 3, 17, 71
Let j(l) = -120*l**3 + l - 4. Let w be j(-2). Suppose 10*t - w = 8*t. List the prime factors of t.
3, 53
Suppose 11*y = 2769 - 525. Suppose -3*h = 6, 2*h - 160 = -4*r - 592. Let d = r + y. What are the prime factors of d?
97
Let k = 14 + -82. Let d(o) = 16*o. Let s be d(-1). Let z = s - k. What are the prime factors of z?
2, 13
Suppose 0 = 3*z + 4*x - 16, 2*z - 8 = -4*x + 2*x. Let k be 278*(2 + z)*(-25)/(-20). Suppose v + k - 226 = 3*o, 5*o = 3*v + 783. What are the prime factors of o?
2, 3, 13
Suppose -5*f = -4*r + 12494 - 34732, 0 = -4*f + 5*r + 17794. What are the prime factors of f?
2, 3, 13, 19
What are the prime factors of (40/(-12) + -2)/((-16)/1416)?
2, 59
Suppose 0 = -4*l + 616 + 508. Suppose -2*d = -893 + l. What are the prime factors of d?
2, 3, 17
Suppose -8*v = -237 - 163. List the prime factors of (-50)/(-25) - (-1 - v).
53
Suppose 0 = s - 7*s + 6. Let g be (6/3 - 3)*s. Let d = 159 - g. What are the prime factors of d?
2, 5
Suppose 4*l - 18932 = -4*m, 4556 + 14373 = 4*m + 3*l. List the prime factors of m.
2, 5, 11, 43
Let v(f) = f**3 - f**2 - 6*f - 42. Let j be v(12). Let l = j - 1021. What are the prime factors of l?
449
Let l be (-18)/(-21)*(-133)/(-38). Suppose 0 = -5*t - 25, 4*y - l*t - 807 = -0*y. List the prime factors of y.
2, 3, 11
Suppose -5*q + 40 = 3*r, -2*q = 4*r - 27 - 3. Suppose y - r = -4*y. List the prime factors of (-4)/(-6)*y*(-4 + 37).
2, 11
Let n be (-42)/(-11) - -5 - 6/(-33). Suppose 1713 = n*r + 489. What are the prime factors of r?
2, 17
Let c(u) = 7*u - 5. Let p be c(1). Let q be p/(-7) - (2 - (-64)/(-28)). Suppose 6*o = -q*o + 594. List the prime factors of o.
3, 11
Let q = 40 + -36. Let x be (-53753)/(-35) - (-1 - q/(-5)). Suppose -x = -15*d + 7*d. List the prime factors of d.
2, 3
Let r(a) = -a**3 - 29*a**2 - 65*a + 149. List the prime factors of r(-36).
11, 1051
Let k = 28 - 80. Let q = k + 46. What are the prime factors of q/(60/(-394)) + 2/(-5)?
3, 13
Let t(x) = 180*x - 159. Suppose -751*z = -754*z + 21. What are the prime factors of t(z)?
3, 367
Let d = 5 + 3. Let o be (-848)/(-64) - (2 + 0)/d. Suppose -k + 21 + o = 0. List the prime factors of k.
2, 17
Let k(o) = -o**3 - 22*o**2 - 25*o + 45. Suppose -3*w - 5*n = 3 + 56, -2*n = -2*w - 50. List the prime factors of k(w).
3, 383
Let b be (6 - 5) + 2 + 2 + -2. Suppose 16 = 4*q + 2*x, -q - b*x = -8 - 1. Let u(t) = t**3 + 2*t**2 - 3*t + 4. What are the prime factors of u(q)?
2, 5
Let l be 19392/20*(-105)/(-42). Let z = l + -1481. List the prime factors of z.
23, 41
Let q(d) = 253*d**2 - 7*d - 9. Let b be q(-2). Suppose 3*h - b = 3*y, y = 2*h + 167 - 848. List the prime factors of h.
2, 3, 19
Let c = 256025 - 171732. What are the prime factors of c?
11, 79, 97
Let s(n) = 49*n**2 - 268*n - 31. List the prime factors of s(7).
2, 13, 19
Let f = -68 - -68. Suppose 3*z + 12 = 0, f = 4*l - 5*z - 83 - 149. What are the prime factors of l?
53
Let l = 154 - 154. What are the prime factors of (811/(-2) + l)/(18/(-36))?
811
Let h be -34 + 237 - (-1 + -4). Let g = -104 + h. List the prime factors of g.
2, 13
Let k(y) = y**2 - 20*y + 20. Let l be k(20). Suppose 0 = -l*r + 14298 - 578. List the prime factors of r.
2, 7
Let n(o) = 23*o - 95. Let c be n(12). Suppose c + 434 = a. List the prime factors of a.
3, 5, 41
Let j = 18847 - 6944. What are the prime factors of j?
11903
Let o(m) = -8*m**3 - 15*m**2 + 6*m - 106. What are the prime factors of o(-10)?
2, 3167
Let w = -159 - -158. List the prime factors of w/8 - (5 + (-10470)/48).
3, 71
Let a(n) = -11*n - 1. Let t be a(-1). Let o(j) = 6*j**2 + j - 1. Let k be o(1). Let r = t - k. What are the prime factors of r?
2
Let x(y) = 2*y**2 + 15*y - 1. Let s be x(-9). Let m = s - -33. What are the prime factors of m?
59
Let r(u) = 143*u + 485. What are the prime factors of r(31)?
2, 2459
Let h = -82 - -43. Let x be (0 - 8)*(1 + h + -2). Suppose 6*y = 14*y - x. List the prime factors of y.
2, 5
Let s(c) = 3*c**2 - 29*c + 21. Let p be s(9). Suppose p*z - 1227 - 935 = 4*u, 3596 = 5*z - 3*u. List the prime factors of z.
2, 359
Let f(d) = 205*d**2 - 37*d - 112. Let t(a) = -a**3 - 26*a**2 + 21*a - 165. Let q be t(-27). List the prime factors of f(q).
2, 461
Suppose 2*i = -5*b - 19 + 74, -3*i - 3*b + 105 = 0. Let y be 168/(-20)*i/(-12). Let t = y + -9. List the prime factors of t.
19
Let j(v) = v + 14. Let p(m) = 14. Let d(x) = 6*j(x) - 5*p(x). Let c be d(-5). List the prime factors of (1/(-1))/(c/3632).
227
Suppose 1721264 = 128*y + 51*y. What are the prime factors of y?
2, 601
Suppose 4 = 3*n - 11. Suppose 3*u = -0*h - 3*h - 3, -5*u = h + n. What are the prime factors of 7 - (u + 0) - 3/1?
5
Suppose -12 + 11 = -k. Let o be k + (3 - -4) + 0. Suppose -o*d + 10*d - 114 = 0. List the prime factors of d.
3, 19
Suppose -2*c + 49217 = -4*g - 27527, 0 = c - 4*g - 38364. What are the prime factors of c?
2, 5, 19, 101
Let p(u) = u**3 + 11*u**2 + u + 1. Let y be p(-11). Let z(o) = o**2 - 51*o - 1. What are the prime factors of z(y)?
3, 7, 29
Suppose 2*f + 33*g = 38*g + 7544, 4*f = -5*g + 15058. List the prime factors of f.
3767
Let f(d) = 58*d**2 + 157*d + 4644. List the prime factors of f(-32).
2, 14753
Let s = 1678 + -323. Suppose -4*h + 5*z - s = -3824, 0 = -3*h + 5*z + 1853. Suppose -136 = 16*b - h. List the prime factors of b.
2, 3, 5
Suppose a - 186*j - 46226 = -184*j, 0 = 5*a + 3*j - 231143. What are the prime factors of a?
2, 7, 13, 127
Let i(m) = -25 + 48 - 216*m - 23. Let h be i(1). List the prime factors of h/(-20)*30/9.
2, 3
Let x be (-4)/((-196)/(-312) - 10/15). Suppose 5*l - h + 2*h = -201, 0 = l - 4*h + 36. Let j = l + x. What are the prime factors of j?
2
Let g(k) be the first derivative of 225*k**2/2 + 12*k - 79. What are the prime factors of g(2)?
2, 3, 7, 11
Let x(u) = -133*u + 32. Let m(j) = 45*j - 11. Let l(a) = -8*m(a) - 3*x(a). What are the prime factors of l(9)?
7
Let k(i) = -56*i**3 + 2*i**2 + 5*i + 20. Let d be k(8). Le